igit of 24 - (2 + (-1 - g))?
5
Suppose -2*k = -l - 2 - 4, -2*l + 20 = 4*k. What is the units digit of -1 - -39 - (9 - (k - -3))?
6
Suppose 152*g - 157*g + 60 = 0. What is the tens digit of 325 - 8/g*-1*6?
2
Let g be 6/4 - (-121)/22. Suppose 76 + g = d. What is the tens digit of d?
8
Let r(d) = 3 + 6 - 21*d + 10 + 2. What is the units digit of r(-3)?
4
Let t = 57 - 62. Let x(a) = 4*a**2 - 11. What is the tens digit of x(t)?
8
Suppose 3*c + 186 = -84. Let i = 182 + c. What is the tens digit of i?
9
Let o = -1714 + 2524. What is the hundreds digit of o?
8
Suppose 16 = -4*g, 2*a + 2*g + 2 = 6*g. Suppose 5 = q + 13. Let o = q - a. What is the units digit of o?
1
Let u(g) = 260*g + 79. What is the thousands digit of u(4)?
1
Suppose i + 3*l - 278 - 153 = 0, 5*i + l - 2197 = 0. What is the units digit of i?
0
Let r(n) = 25*n**2 - 2 - 11*n - 5*n**2 + 14*n. Let y be r(1). Let c = y - 20. What is the units digit of c?
1
What is the hundreds digit of (-9 + (-143)/(-22))*(-5932)/5?
9
Suppose 73 = 5*s - 152. Suppose -s = -3*l + 54. What is the units digit of l?
3
Suppose 2 = -2*p + 26. What is the units digit of 442/6 + (-8)/p?
3
Let y be 16/28 - (-10)/7. Suppose 4*c - 3*d = 673, -d - y - 1 = 0. What is the tens digit of c?
6
Suppose 3*g - 474 + 330 = 0. What is the tens digit of g?
4
Let f = 138 + -138. Suppose 4*l - 265 = q, -l + 5*q + 67 - 15 = f. What is the tens digit of l?
6
Let u = 51 + -36. Let j be (-10)/(-6) - 10/u. Suppose -b = -0*b - j. What is the units digit of b?
1
Suppose 18 = 2*w + m, -5*w - 5*m = -2*w - 27. Let i be w/(-27)*(0 - 33). Let s = -8 + i. What is the units digit of s?
3
Let g = -1300 - -1882. What is the tens digit of g?
8
Let k = -1466 + 2723. What is the hundreds digit of k?
2
Let i = -70 + 70. Suppose i*q - 3*g = -2*q + 363, 2*g = -4*q + 702. What is the hundreds digit of q?
1
Let u(j) = -j**2 + 14*j - 8. Let a be u(14). Let n be a/(-2) - 2/(-2). Suppose 5 = -n*w + 150. What is the tens digit of w?
2
Let h = 117 - 129. What is the tens digit of 8/12*(-5094)/h?
8
Let l(y) = y**2 + 4*y - 3. Let v be l(-6). What is the units digit of (27/v)/(3/22)?
2
Suppose -l - l = 98. Let g = l - -144. What is the tens digit of g?
9
Suppose 0 = 2*h + h + 66. Let i be h/(-4) + (-6)/12. Suppose -5*x + s = -72, -2*x = -0*x + i*s - 45. What is the tens digit of x?
1
Let l(r) be the first derivative of r**2/2 + 43*r - 1. Let a(n) = -n**2 + n + 2. Let j be a(2). What is the tens digit of l(j)?
4
Let t(c) = -c**3 - 20*c**2 - 20*c - 23. Let m be t(-19). What is the tens digit of (-446)/m - 3/2?
1
Suppose 2*d = -356 + 984. What is the tens digit of d?
1
Suppose 4497 = 2*f - 4*u + u, -5*f + 11215 = -2*u. What is the units digit of f?
1
Let y be (-5)/10 + 10/4. Suppose -b = -5*i + 1 - 0, 0 = -b - 1. Suppose -c + y*c - 25 = i. What is the units digit of c?
5
Suppose -4*o + 11269 = -3*t, -4*o = 3*t - 2052 - 9223. What is the units digit of o?
8
Let u = 32 - 29. Suppose -2*f + 5*f - 18 = -3*c, u*c - 53 = 4*f. What is the tens digit of c?
1
Suppose -2*h + 6*h - 5*n - 1346 = 0, -5*h + 1699 = 2*n. What is the units digit of h?
9
Let m(p) = 11*p**2 - 74*p - 75. What is the units digit of m(-17)?
2
Let t be 5/10*(-232)/2. Suppose -7*c - 254 = -72. Let s = c - t. What is the tens digit of s?
3
Suppose 3*m - 1145 = 505. What is the tens digit of m?
5
What is the tens digit of (0 - 8)/(1/(-18))?
4
Suppose -q + 8 = 6. Let a be (-16)/(-4) - (q - -82). Let y = a - -139. What is the units digit of y?
9
Let u = 97 + -92. Suppose 2*n - 519 = -u*p + 570, 5*n + 15 = 0. What is the hundreds digit of p?
2
Suppose -4*i + 7 = 5*t, -2*i + 10 = -8*t + 4*t. Suppose -i*r = r - 136. Let y = r + -22. What is the units digit of y?
2
Let p be (1/(-2))/((-7)/28). Suppose -p*c - g + 9 = 0, -4*g = -c - 3*c + 36. Suppose 4*f + 5*r + 47 = c*f, 46 = 2*f - 4*r. What is the units digit of f?
1
Let l(v) be the third derivative of v**5/60 + 2*v**3/3 + 8*v**2. What is the tens digit of l(3)?
1
Suppose -656 = 3*r - 5*r. What is the units digit of r?
8
Suppose -2106 = -10*h + 594. Suppose 0 = -5*p + s + 568, -2*p - 50 + h = 2*s. What is the hundreds digit of p?
1
Suppose 2 = -3*h + 1232. Let i = h + -278. What is the units digit of i?
2
Let b(o) = o**2 - 37*o - 5. Let q be b(-12). Suppose -30 + q = 7*p. What is the tens digit of p?
7
Let x = 377 + -229. Suppose 5*y + 4*m = 190, -3*m = 3*y + 31 - x. What is the tens digit of y?
3
Let q(t) = 7*t**2 - 4*t + 9. Suppose 4 = a, -3*m = -0*m - 4*a - 2. What is the units digit of q(m)?
7
Suppose -3*j + 7962 = -5010. What is the tens digit of j?
2
Suppose -5*d + 165 = -5*u, 5*d - 18 = -3*u + 163. Let x be 54/126*7/1. Suppose x*h = -2*h + d. What is the units digit of h?
7
Suppose -13 - 20 = 3*f + 3*k, -2*k = 10. Let i(s) = s + 21. Let g be i(f). Suppose -g*h + 294 = -9*h. What is the units digit of h?
9
Suppose 2*l = -2*d + 16, -d = -4*d - 2*l + 19. Suppose -d*p - 6 = 2*t - p, -3*t = p + 15. What is the tens digit of 435/33 + t/33?
1
Let q = 7989 + -5571. What is the hundreds digit of q?
4
Suppose -3*q + 312 = -168. Suppose 4*c - q = 172. What is the tens digit of c?
8
Suppose -5*c = 0, -m + 3*c = 3*m - 4536. What is the thousands digit of m?
1
Suppose -2*u + 17*q = 14*q - 8464, 0 = 4*u + 4*q - 16908. What is the thousands digit of u?
4
Let g = 4 - -4. Suppose -6*s + g*s = 8. Suppose -23 - s = -c. What is the units digit of c?
7
Let u be 162/24*(-16)/3. Let i = 51 + u. What is the units digit of i?
5
What is the tens digit of ((-621)/3)/(-13 - -10)?
6
Suppose 7*w - 209 = 3*w - 3*c, -3*w + 153 = 3*c. Let f(m) = 5*m + 5. Let u be f(-8). Let a = u + w. What is the units digit of a?
1
Suppose g = -2*g + 2*z - 2, -g + 2*z - 2 = 0. Suppose -2*b = -g*b + 14. What is the units digit of b/14 - (-153)/2?
6
Let g = -24 - -60. What is the tens digit of g?
3
Suppose -3*l + 2024 = f, -5*f + 2775 - 91 = 4*l. Suppose 8*d + l = 1868. What is the hundreds digit of d?
1
Let r be ((-8)/(-28))/(2/14). Suppose -21*w + 5 = -16*w. Suppose -2*u - r = -i, 4*u + w = -2*i + 13. What is the units digit of i?
4
Let l = -23 + -166. Let h = l - -282. What is the units digit of h?
3
Let u(l) = 16*l**3 + 1. Suppose -2*o + 12 = -c, -20 = -8*o + 3*o. Let j = c - -5. What is the tens digit of u(j)?
1
Let m be (-3)/9 + 18781/3. What is the units digit of m/100 + (-6)/10?
2
Suppose -2*s + 325 = p - 158, 5*p = -5*s + 1205. What is the hundreds digit of s?
2
Suppose -17*m = -2481 - 1599. Suppose 4*g + 3*q - 193 = 0, 10*g - 5*g + 5*q - m = 0. What is the units digit of g?
9
Suppose 5*p - 11 = 224. Let j = p - -28. Let w = j - 45. What is the units digit of w?
0
Let g(n) = 212*n - 88. What is the tens digit of g(10)?
3
Let f be (-2)/(3 + -4) - -120. Suppose -2*a + 114 = -n, 0*a + 5*n = 2*a - f. What is the tens digit of a?
5
Let d be (8 + -4)*(-1 - 0). Let y(z) = -2*z**3 + 7*z**2 + 5*z - 3. What is the units digit of y(d)?
7
Suppose -5*s + 4*q - 204 = 0, -4*s + 0*q - 180 = q. Let d = -10 - s. What is the units digit of d?
4
Let f(c) = 2*c**2 + 27*c - 54. What is the units digit of f(9)?
1
Let p(h) = 9*h - 1. Let z be p(1). Let g = z - 4. Suppose 3*l = -5*n + 157, -3*l + 9*n + 167 = g*n. What is the units digit of l?
4
Suppose -6*m - 48 + 420 = 0. Suppose 2*p = 3*p - 4*t - m, 0 = 3*p - 2*t - 166. What is the tens digit of p?
5
Let o = 121 - 10. Let z = -55 + o. What is the tens digit of z?
5
Suppose 0 = 3*r - 10 + 1. Suppose x = 1, 0*x - 3965 = 2*y - r*x. What is the units digit of 3/(-7) - y/49?
0
Suppose 32 = -2*t + 10*t. Suppose -10*u + t*u + 270 = 0. What is the tens digit of u?
4
Let j = -137 - -137. Let x(t) = 4*t + 62. What is the tens digit of x(j)?
6
Suppose 0 = -2*f - 5*b + 2583, -3*f = -f + b - 2587. What is the hundreds digit of f?
2
Suppose 2*k - 4*b - 9 = 9, 43 = 3*k + 2*b. What is the tens digit of k?
1
Suppose 2*x - 445 = -3*x. Suppose -7*l + x = -562. Suppose 2*u + 5*k = l, -4*k + 1 = -3*k. What is the units digit of u?
4
Let i(u) = -u + 10. Let v be i(7). Suppose v*z - 356 = 139. What is the tens digit of z/10 + 1/2?
1
Suppose -13*p = -3660 - 8703. What is the units digit of p?
1
Let n(f) = -f + 22. Let i be n(0). Let j be (-9)/6*(-19 + -73). Suppose 4*d - i = j. What is the tens digit of d?
4
Suppose -864 = 3*u - 5457. What is the thousands digit of u?
1
Suppose -18*j = -16*j